ivided by 434.
308
Calculate the remainder when 846225 is divided by 4263.
2151
Calculate the remainder when 1625964 is divided by 29.
21
Calculate the remainder when 2127146 is divided by 167.
67
What is the remainder when 13719 is divided by 1893?
468
What is the remainder when 28648379 is divided by 2111?
2109
Calculate the remainder when 1690249 is divided by 134.
107
Calculate the remainder when 497743 is divided by 172.
147
What is the remainder when 87365 is divided by 2496?
5
What is the remainder when 2737425 is divided by 912469?
18
What is the remainder when 3226094 is divided by 16?
14
What is the remainder when 6971921 is divided by 49098?
5
Calculate the remainder when 439510865 is divided by 19.
15
What is the remainder when 26947237 is divided by 1720?
1717
Calculate the remainder when 1939188 is divided by 387835.
13
What is the remainder when 1520135 is divided by 5?
0
Calculate the remainder when 12666583 is divided by 1569.
46
Calculate the remainder when 286253 is divided by 95381.
110
What is the remainder when 331494 is divided by 3187?
46
What is the remainder when 19839 is divided by 4859?
403
What is the remainder when 38147 is divided by 36189?
1958
What is the remainder when 19659346 is divided by 906?
52
What is the remainder when 39768 is divided by 43?
36
Calculate the remainder when 384727 is divided by 182.
161
What is the remainder when 10148029 is divided by 5900?
29
What is the remainder when 29420301 is divided by 80825?
1
What is the remainder when 13958994 is divided by 310199?
39
What is the remainder when 4341517 is divided by 81?
79
What is the remainder when 76099611 is divided by 1071825?
36
What is the remainder when 11330087 is divided by 40?
7
Calculate the remainder when 302090 is divided by 156.
74
Calculate the remainder when 5052472 is divided by 76.
68
What is the remainder when 175640 is divided by 47?
1
Calculate the remainder when 236984 is divided by 19658.
1088
Calculate the remainder when 85825 is divided by 140.
5
Calculate the remainder when 1251030 is divided by 416610.
1200
What is the remainder when 10843002 is divided by 1434?
528
Calculate the remainder when 11862988 is divided by 86591.
21
What is the remainder when 6860536 is divided by 730?
726
What is the remainder when 64857625 is divided by 718?
685
What is the remainder when 39616169 is divided by 26?
21
What is the remainder when 1408894647 is divided by 18?
15
Calculate the remainder when 89744 is divided by 44678.
388
What is the remainder when 259053 is divided by 64697?
265
Calculate the remainder when 23786 is divided by 11551.
684
What is the remainder when 95133 is divided by 3026?
1327
Calculate the remainder when 73350 is divided by 634.
440
What is the remainder when 36748099 is divided by 18374049?
1
What is the remainder when 14170600 is divided by 785?
565
What is the remainder when 671001 is divided by 15603?
72
Calculate the remainder when 27104769 is divided by 413.
405
What is the remainder when 595635 is divided by 2877?
96
What is the remainder when 15075922 is divided by 31?
2
What is the remainder when 35201516 is divided by 89?
58
Calculate the remainder when 2879040 is divided by 2155.
2115
Calculate the remainder when 759072 is divided by 576.
480
What is the remainder when 4240135 is divided by 2120062?
11
What is the remainder when 1298338942 is divided by 497?
495
Calculate the remainder when 153183700 is divided by 603.
595
Calculate the remainder when 770035 is divided by 213.
40
What is the remainder when 16923210 is divided by 60?
30
What is the remainder when 420734 is divided by 209867?
1000
Calculate the remainder when 43256924 is divided by 103.
14
What is the remainder when 44263612 is divided by 7279?
13
Calculate the remainder when 468825 is divided by 2124.
1545
Calculate the remainder when 3781313 is divided by 16.
1
Calculate the remainder when 2952485 is divided by 248.
45
Calculate the remainder when 326035 is divided by 21531.
3070
Calculate the remainder when 298821 is divided by 360.
21
Calculate the remainder when 3471128 is divided by 289.
238
Calculate the remainder when 57082 is divided by 10314.
5512
What is the remainder when 476264 is divided by 119061?
20
Calculate the remainder when 485567 is divided by 1058.
1003
What is the remainder when 823494 is divided by 10293?
54
What is the remainder when 1406048 is divided by 703024?
0
What is the remainder when 1373873 is divided by 698?
209
What is the remainder when 1713953 is divided by 571199?
356
Calculate the remainder when 248414 is divided by 55.
34
Calculate the remainder when 4924801 is divided by 1641591.
28
What is the remainder when 943474 is divided by 332?
262
Calculate the remainder when 157965317 is divided by 78982648.
21
What is the remainder when 2099768 is divided by 188?
184
What is the remainder when 1182810 is divided by 7726?
732
Calculate the remainder when 247775 is divided by 3177.
3146
Calculate the remainder when 177970 is divided by 3949.
265
What is the remainder when 47924 is divided by 15548?
1280
Calculate the remainder when 252351681 is divided by 1647.
1635
What is the remainder when 65179581 is divided by 158?
157
Calculate the remainder when 30296 is divided by 27112.
3184
What is the remainder when 1426000 is divided by 285198?
10
Calculate the remainder when 78887658 is divided by 59.
56
What is the remainder when 710038 is divided by 1449?
28
What is the remainder when 24978175 is divided by 12489080?
15
Calculate the remainder when 1872490 is divided by 936171.
148
Calculate the remainder when 40251438 is divided by 1720.
1718
Calculate the remainder when 10002151 is divided by 314.
309
What is the remainder when 1312577 is divided by 37501?
42
Calculate the remainder when 175269 is divided by 83008.
9253
Calculate the remainder when 186684 is divided by 1648.
460
Calculate the remainder when 22330170 is divided by 60.
30
Calculate the remainder when 2711266 is divided by 71.
60
Calculate the remainder when 23986123 is divided by 125.
123
Calculate the remainder when 185109 is divided by 20562.
51
What is the remainder when 6130076 is divided by 1440?
1436
Calculate the remainder when 216820910 is divided by 13551306.
14
Calculate the remainder when 4320710 is divided by 1852.
1846
What is the remainder when 259928390 is divided by 23629853?
7
Calculate the remainder when 4527230 is divided by 599.
587
What is the remainder when 20389121 is divided by 125?
121
What is the remainder when 729417 is divided by 30392?
9
Calculate the remainder when 419520 is divided by 4.
0
What is the remainder when 62989472 is divided by 3261?
3257
What is the remainder when 66117001 is divided by 88156?
1
Calculate the remainder when 13605 is divided by 4717.
4171
Calculate the remainder when 255974 is divided by 333.
230
What is the remainder when 31389 is divided by 1899?
1005
Calculate the remainder when 228378 is divided by 5311.
5
What is the remainder when 15994975 is divided by 5331653?
16
What is the remainder when 6464165 is divided by 16660?
85
Calculate the remainder when 887557 is divided by 22183.
237
Calculate the remainder when 2789242 is divided by 2789127.
115
What is the remainder when 1224151 is divided by 770?
621
What is the remainder when 2593546 is divided by 129674?
66
What is the remainder when 44685406 is divided by 44?
18
Calculate the remainder when 1183830 is divided by 268.
74
Calculate the remainder when 55151458 is divided by 18.
16
What is the remainder when 302263 is divided by 3148?
55
Calculate the remainder when 387674 is divided by 129216.
26
Calculate the remainder when 296225 is divided by 675.
575
Calculate the remainder when 3188950 is divided by 3188745.
205
Calculate the remainder when 753439 is divided by 27905.
4
What is the remainder when 35689 is divided by 4407?
433
What is the remainder when 197852 is divided by 4973?
3905
What is the remainder when 3260040 is divided by 147?
21
Calculate the remainder when 517992 is divided by 6898.
642
What is the remainder when 24292 is divided by 23380?
912
What is the remainder when 47128420 is divided by 21422?
20
What is the remainder when 1187778 is divided by 3933?
12
What is the remainder when 11267383